3833
List the prime factors of 1101076.
2, 275269
What are the prime factors of 144477?
3, 5351
List the prime factors of 13345704.
2, 3, 23, 8059
What are the prime factors of 5068493?
5068493
What are the prime factors of 523807?
31, 61, 277
List the prime factors of 172122.
2, 3, 28687
What are the prime factors of 927408?
2, 3, 139
What are the prime factors of 515429?
515429
List the prime factors of 427934.
2, 13, 109, 151
What are the prime factors of 847088?
2, 11, 4813
List the prime factors of 21434182.
2, 7, 11, 12653
What are the prime factors of 5957195?
5, 1191439
What are the prime factors of 2605434?
2, 3, 13, 33403
List the prime factors of 462982.
2, 13, 17807
List the prime factors of 3880275.
3, 5, 7, 19, 389
List the prime factors of 241545.
3, 5, 16103
What are the prime factors of 417547?
13, 32119
What are the prime factors of 5506748?
2, 13, 105899
What are the prime factors of 14374612?
2, 7, 349, 1471
List the prime factors of 4145673.
3, 7, 43, 4591
List the prime factors of 3095043.
3, 7, 19, 7757
List the prime factors of 457454.
2, 127, 1801
What are the prime factors of 897189?
3, 299063
List the prime factors of 1765763.
607, 2909
List the prime factors of 3546143.
3546143
What are the prime factors of 1253533?
191, 6563
What are the prime factors of 895036?
2, 223759
List the prime factors of 1722335.
5, 61, 5647
List the prime factors of 1528052.
2, 31, 12323
What are the prime factors of 70667?
70667
What are the prime factors of 395967?
3, 11, 13, 71
What are the prime factors of 383352?
2, 3, 15973
List the prime factors of 93479.
93479
List the prime factors of 315995.
5, 63199
List the prime factors of 30415648.
2, 761, 1249
List the prime factors of 5113103.
5113103
What are the prime factors of 1625600?
2, 5, 127
What are the prime factors of 265126?
2, 19, 6977
List the prime factors of 3862742.
2, 13, 29, 47, 109
List the prime factors of 52633.
7, 73, 103
List the prime factors of 5323188.
2, 3, 13, 34123
What are the prime factors of 3078815?
5, 587, 1049
What are the prime factors of 394694?
2, 197347
List the prime factors of 558797.
383, 1459
List the prime factors of 15584019.
3, 11, 17, 27779
What are the prime factors of 1048139?
1048139
What are the prime factors of 7874271?
3, 874919
What are the prime factors of 672741?
3, 17, 4397
What are the prime factors of 5720903?
37, 154619
List the prime factors of 4434582.
2, 3, 479, 1543
List the prime factors of 8676534.
2, 3, 1446089
List the prime factors of 403690.
2, 5, 7, 73, 79
What are the prime factors of 2506792?
2, 47, 59, 113
List the prime factors of 10008017.
223, 44879
What are the prime factors of 1767064?
2, 13, 1307
What are the prime factors of 3585466?
2, 859, 2087
List the prime factors of 992470.
2, 5, 61, 1627
List the prime factors of 2885654.
2, 1442827
What are the prime factors of 959944?
2, 119993
List the prime factors of 28422061.
41, 89, 7789
List the prime factors of 461162.
2, 13, 17737
List the prime factors of 46836.
2, 3, 1301
List the prime factors of 20588752.
2, 1286797
What are the prime factors of 398028?
2, 3, 41, 809
List the prime factors of 8261.
11, 751
What are the prime factors of 64316?
2, 7, 2297
What are the prime factors of 917249?
71, 12919
List the prime factors of 1011315.
3, 5, 67421
List the prime factors of 368409.
3, 37, 3319
List the prime factors of 4678770.
2, 3, 5, 263, 593
List the prime factors of 1268963.
1268963
What are the prime factors of 28474036?
2, 1171, 6079
What are the prime factors of 11293041?
3, 167, 22541
List the prime factors of 969201.
3, 113, 953
What are the prime factors of 27734557?
367, 75571
List the prime factors of 2337367.
2337367
List the prime factors of 1553802.
2, 3, 258967
List the prime factors of 446988.
2, 3, 193
List the prime factors of 456471.
3, 67, 757
List the prime factors of 22407499.
53, 127, 3329
List the prime factors of 928581.
3, 97, 3191
What are the prime factors of 1203642?
2, 3, 11, 6079
List the prime factors of 14387518.
2, 1949, 3691
What are the prime factors of 3989814?
2, 3, 449, 1481
List the prime factors of 170841.
3, 11, 31, 167
What are the prime factors of 187372?
2, 139, 337
List the prime factors of 285838.
2, 7, 17, 1201
What are the prime factors of 1617264?
2, 3, 11, 1021
What are the prime factors of 2547200?
2, 5, 199
List the prime factors of 164074.
2, 82037
List the prime factors of 606212.
2, 151553
List the prime factors of 521027.
13, 3083
What are the prime factors of 380803?
380803
List the prime factors of 5502922.
2, 2751461
List the prime factors of 1683622.
2, 43, 19577
List the prime factors of 82508.
2, 20627
List the prime factors of 5369903.
7, 11, 69739
List the prime factors of 6929809.
6929809
What are the prime factors of 206668?
2, 7, 11, 61
List the prime factors of 2358607.
41, 57527
List the prime factors of 838565.
5, 7, 13, 19, 97
What are the prime factors of 2086748?
2, 233, 2239
What are the prime factors of 441958?
2, 11, 20089
List the prime factors of 7176570.
2, 3, 5, 139, 1721
What are the prime factors of 1181314?
2, 590657
What are the prime factors of 801387?
3, 67, 443
List the prime factors of 21533239.
7, 13, 43, 5503
List the prime factors of 181142.
2, 13, 6967
What are the prime factors of 2748380?
2, 5, 131, 1049
List the prime factors of 254349.
3, 59, 479
List the prime factors of 941009.
941009
List the prime factors of 128608.
2, 4019
What are the prime factors of 20106703?
71, 283193
List the prime factors of 380707.
380707
What are the prime factors of 852091?
17, 50123
List the prime factors of 2986996.
2, 746749
List the prime factors of 3481230.
2, 3, 5, 116041
List the prime factors of 69794.
2, 34897
List the prime factors of 3987633.
3, 13, 59, 1733
What are the prime factors of 329563?
13, 101, 251
What are the prime factors of 6164708?
2, 11, 47, 271
List the prime factors of 1095122.
2, 7, 19, 23, 179
List the prime factors of 502430.
2, 5, 47, 1069
What are the prime factors of 2138845?
5, 31, 13799
List the prime factors of 10610866.
2, 7, 23, 31, 1063
What are the prime factors of 10063346?
2, 5031673
What are the prime factors of 1164449?
11, 13, 17, 479
What are the prime factors of 11174329?
73, 153073
List the prime factors of 13720965.
3, 5, 914731
List the prime factors of 11818518.
2, 3, 71, 27743
List the prime factors of 14248009.
14248009
List the prime factors of 4771559.
13, 241, 1523
What are the prime factors of 2054077?
2054077
List the prime factors of 3480990.
2, 3, 5, 19, 31, 197
What are the prime factors of 12434331?
3, 7, 13, 37, 1231
List the prime factors of 6531793.
23, 31, 9161
List the prime factors of 1404128.
2, 11, 3989
What are the prime factors of 903587?
661, 1367
What are the prime factors of 707931?
3, 7, 17, 661
List the prime factors of 8659262.
2, 4329631
What are the prime factors of 24704742?
2, 3, 4117457
What are the prime factors of 1788278?
2, 894139
What are the prime factors of 147602?
2, 7, 13, 811
What are the prime factors of 4727071?
17, 278063
What are the prime factors of 3978233?
7, 53, 10723
What are the prime factors of 8322?
2, 3, 19, 73
List the prime factors of 6028923.
3, 1249, 1609
List the prime factors of 5087396.
2, 1271849
What are the prime factors of 3411311?
3411311
List the prime factors of 480494.
2, 7, 4903
List the prime factors of 623764.
2, 17, 9173
What are the prime factors of 929310?
2, 3, 5, 30977
What are the prime factors of 7499469?
3, 167, 14969
List the prime factors of 3606739.
271, 13309
List the prime factors of 10976432.
2, 686027
What are the prime factors of 9189715?
5, 1837943
List the prime factors of 14392363.
14392363
List the prime factors of 649561.
11, 59051
What are the prime factors of 848641?
809, 1049
List the prime factors of 22362228.
2, 3, 7, 1811
List the prime factors of 224660.
2, 5, 47, 239
List the prime factors of 102192.
2, 3, 2129
List the prime factors of 316475.
5, 12659
List the prime factors of 2765777.
7, 395111
What are the prime factors of 739334?
2, 37, 97, 103
What are the prime factors of 885837?
3, 19, 15541
What are the prime factors of 13692880?
2, 5, 171161
What are the prime factors of 72432?
2, 3, 503
List the prime factors 